he millions digit of 1527777995?
7
What is the units digit of 1703206203?
3
What is the ten millions digit of 120279730?
2
What is the ten thousands digit of 13296215?
9
What is the ten millions digit of 171995914?
7
What is the ten thousands digit of 9964817?
6
What is the thousands digit of 6934415826?
5
What is the thousands digit of 598103040?
3
What is the millions digit of 189387363?
9
What is the millions digit of 23999616?
3
What is the tens digit of 110555563?
6
What is the units digit of 1796041937?
7
What is the hundreds digit of 219603847?
8
What is the units digit of 171050414?
4
What is the tens digit of 101731806?
0
What is the thousands digit of 182854477?
4
What is the ten thousands digit of 684032063?
3
What is the hundreds digit of 993316004?
0
What is the thousands digit of 77118477?
8
What is the hundreds digit of 169496037?
0
What is the hundred millions digit of 211524340?
2
What is the ten thousands digit of 320263672?
6
What is the thousands digit of 117404316?
4
What is the hundred millions digit of 412843213?
4
What is the thousands digit of 10426939?
6
What is the tens digit of 3074833091?
9
What is the thousands digit of 1953943954?
3
What is the tens digit of 81175010?
1
What is the hundred thousands digit of 188988849?
9
What is the millions digit of 1346637611?
6
What is the ten thousands digit of 93137266?
3
What is the thousands digit of 439753238?
3
What is the millions digit of 335662645?
5
What is the hundreds digit of 264849678?
6
What is the ten millions digit of 40763668?
4
What is the hundreds digit of 2833560?
5
What is the thousands digit of 12775476?
5
What is the hundred thousands digit of 91909172?
9
What is the hundred thousands digit of 969075552?
0
What is the hundred millions digit of 3265924185?
2
What is the millions digit of 5517474070?
7
What is the hundred millions digit of 2247827910?
2
What is the hundred millions digit of 1212896680?
2
What is the hundreds digit of 25814880?
8
What is the thousands digit of 4791084978?
4
What is the thousands digit of 642806946?
6
What is the units digit of 286010558?
8
What is the hundreds digit of 83172344?
3
What is the ten millions digit of 176336479?
7
What is the tens digit of 644674463?
6
What is the hundreds digit of 186036883?
8
What is the millions digit of 9824906592?
4
What is the millions digit of 199542816?
9
What is the ten thousands digit of 1719362?
1
What is the units digit of 1847738956?
6
What is the millions digit of 131180028?
1
What is the tens digit of 3789210024?
2
What is the units digit of 294189358?
8
What is the ten thousands digit of 416482814?
8
What is the millions digit of 122814275?
2
What is the units digit of 78845898?
8
What is the tens digit of 307173455?
5
What is the hundred thousands digit of 81351522?
3
What is the hundred thousands digit of 1210797043?
7
What is the ten millions digit of 331542350?
3
What is the ten thousands digit of 65184740?
8
What is the hundred millions digit of 239565612?
2
What is the billions digit of 2973312009?
2
What is the tens digit of 156447274?
7
What is the tens digit of 2519405319?
1
What is the tens digit of 203139239?
3
What is the hundred thousands digit of 49210827?
2
What is the thousands digit of 438199090?
9
What is the hundred millions digit of 928111827?
9
What is the ten millions digit of 246298690?
4
What is the ten millions digit of 39334540?
3
What is the hundreds digit of 290440754?
7
What is the ten thousands digit of 7147689?
4
What is the hundreds digit of 436210315?
3
What is the millions digit of 4756595920?
6
What is the tens digit of 463114910?
1
What is the ten millions digit of 2567004143?
6
What is the ten thousands digit of 2062696088?
9
What is the units digit of 3288713819?
9
What is the units digit of 74538479?
9
What is the units digit of 230955820?
0
What is the hundreds digit of 390484063?
0
What is the hundred millions digit of 117399792?
1
What is the units digit of 134613652?
2
What is the units digit of 111808382?
2
What is the ten millions digit of 2060679895?
6
What is the thousands digit of 341239653?
9
What is the ten millions digit of 110430377?
1
What is the ten millions digit of 2947907592?
4
What is the billions digit of 2303984585?
2
What is the hundred thousands digit of 434273028?
2
What is the thousands digit of 5772987651?
7
What is the units digit of 104519158?
8
What is the hundreds digit of 926271079?
0
What is the hundred thousands digit of 424437646?
4
What is the millions digit of 16986154?
6
What is the units digit of 54307630?
0
What is the tens digit of 14119765?
6
What is the thousands digit of 55885074?
5
What is the hundred millions digit of 892215809?
8
What is the units digit of 412901481?
1
What is the hundred thousands digit of 133587819?
5
What is the tens digit of 5037218612?
1
What is the ten thousands digit of 105713012?
1
What is the billions digit of 1217975522?
1
What is the tens digit of 44433004?
0
What is the millions digit of 1229563195?
9
What is the ten thousands digit of 465443477?
4
What is the ten thousands digit of 2064063859?
6
What is the tens digit of 214556125?
2
What is the units digit of 3827206198?
8
What is the hundred thousands digit of 437212606?
2
What is the thousands digit of 1200978326?
8
What is the billions digit of 4523396394?
4
What is the hundred thousands digit of 16339669?
3
What is the hundred thousands digit of 1274750832?
7
What is the millions digit of 3313410286?
3
What is the millions digit of 3764559911?
4
What is the billions digit of 1102016574?
1
What is the ten thousands digit of 572719172?
1
What is the hundreds digit of 62262262?
2
What is the hundreds digit of 479047942?
9
What is the hundred millions digit of 2620873173?
6
What is the thousands digit of 90906012?
6
What is the hundred thousands digit of 38026955?
0
What is the units digit of 139441371?
1
What is the hundreds digit of 47521424?
4
What is the ten millions digit of 229289042?
2
What is the tens digit of 578697?
9
What is the units digit of 11057952?
2
What is the ten thousands digit of 137546676?
4
What is the hundreds digit of 2604194476?
4
What is the millions digit of 442484529?
2
What is the ten thousands digit of 189536310?
3
What is the units digit of 771139454?
4
What is the millions digit of 37960862?
7
What is the ten thousands digit of 178118272?
1
What is the ten thousands digit of 645982410?
8
What is the hundred thousands digit of 1358181357?
1
What is the hundred thousands digit of 5470603614?
6
What is the millions digit of 1800289986?
0
What is the hundred millions digit of 113106306?
1
What is the ten thousands digit of 5543247384?
4
What is the millions digit of 106904296?
6
What is the ten millions digit of 565321586?
6
What is the tens digit of 17402210?
1
What is the ten thousands digit of 490751047?
5
What is the tens digit of 1777601611?
1
What is the billions digit of 1954005060?
1
What is the ten millions digit of 19877920?
1
What is the units digit of 4160851010?
0
What is the ten thousands digit of 267622704?
2
What is the thousands digit of 1016102142?
2
What is the ten millions digit of 5583450626?
8
What is the ten thousands digit of 309561537?
6
What is the ten thousands digit of 174350461?
5
What is the units digit of 5475944575?
5
What is the hundred thousands digit of 86524066?
5
What is the millions digit of 83369578?
3
What is the tens digit of 908946298?
9
What is the thousands digit of 237724667?
4
What is the hundred millions digit of 1187401627?
1
What is the units digit of 411062046?
6
What is the millions digit of 383309293?
3
What is the hundred thousands digit of 520306567?
3
What is the hundreds digit of 452963931?
9
What is the thousands digit of 144006526?
6
What is the tens digit of 4424341300?
0
What is the millions digit of 66293828?
6
What is the ten thousands digit of 2888211654?
1
What is the hundred thousands digit of 538377424?
3
What is the ten millions digit of 393631972?
9
What is the thousands digit of 176455780?
5
What is the hundred millions digit of 944000771?
9
What is the hundred thousands digit of 651347717?
3
What is the units digit of 34833184?
4
What is the units digit of 126524304?
4
What is the ten millions digit of 253502953